 53183*q + 212694. What is k(4)?
42
Let c(s) = 2*s**3 + 18*s**2 - 47*s - 67. Determine c(-11).
-34
Let l(i) = 1957*i + 17099. What is l(-9)?
-514
Let f(c) = 3*c**3 - 5473*c**2 - 3403*c - 450769. Give f(1825).
6
Let u(r) = 2316*r + 407476. Determine u(-176).
-140
Let h(r) = -6*r**2 + 339*r + 710. Determine h(-2).
8
Let u(z) = -z**2 - 99346*z + 496753. Calculate u(5).
-2
Let v(d) = -41*d**2 - 7633*d - 1310. What is v(-186)?
-8
Let f(i) = -254*i - 9884. Calculate f(-38).
-232
Let a(s) = -s**3 + 86*s**2 + 239*s - 5531. Give a(88).
13
Let f(r) = 9768*r + 136705. Calculate f(-14).
-47
Let l(x) = -1200*x - 90238. What is l(-77)?
2162
Let w(i) = -2*i**3 - 51*i**2 - 180*i - 53. What is w(-4)?
-21
Let j(g) = -g**3 + 21*g**2 - 6*g + 197. Calculate j(10).
1237
Let o(g) = 66*g**3 - 938*g**2 + 197*g - 21. Determine o(14).
-7
Let x(g) = -10*g**2 + 955*g + 4395. Calculate x(100).
-105
Let g(u) = 22*u**3 + 15*u**2 + 20*u + 23. Determine g(-4).
-1225
Let r(g) = g**3 - 63*g**2 - 250*g + 11823. Give r(64).
-81
Let x(h) = 49330*h - 5376975. Calculate x(109).
-5
Let v(u) = -47*u**2 + 380*u + 17. Calculate v(9).
-370
Let d(n) = -6*n**2 - 845*n + 5654. Give d(7).
-555
Let y(f) = 5*f**2 - 2927*f + 41115. Calculate y(571).
3
Let d(w) = -5617*w + 22421. Calculate d(4).
-47
Let h(g) = g**3 + 86*g**2 + 445*g - 2841. What is h(-80)?
-41
Let t(w) = -77785*w + 777834. Calculate t(10).
-16
Let o(p) = -1937*p - 48490. What is o(-25)?
-65
Let u(j) = 2*j**3 - 1123*j**2 + 1614*j + 36976. Calculate u(560).
16
Let n(u) = -55502*u - 55701. Give n(-1).
-199
Let u(k) = 6*k**3 + 367*k**2 - 45*k - 6465. Determine u(-61).
1
Let a(d) = 168*d**2 + 28225*d + 461. Give a(-168).
293
Let z(k) = 3*k**3 - 639*k**2 + 3744*k - 136. Determine z(6).
-28
Let j(r) = -34543*r - 690862. Determine j(-20).
-2
Let d(y) = 4*y**2 + 61*y - 644. What is d(9)?
229
Let q(z) = -7789*z + 93367. Calculate q(12).
-101
Let v(d) = -d**2 + 79*d - 1569. Calculate v(68).
-821
Let u(p) = 3739*p + 388909. Determine u(-104).
53
Let y(a) = -759736*a + 5318136. Determine y(7).
-16
Let m(r) = -r**3 - 63*r**2 - 967*r + 59. What is m(-21)?
1844
Let u(m) = -759*m - 15121. Determine u(-20).
59
Let k(d) = -3*d**3 + 31*d**2 + 34*d - 321. Determine k(12).
-633
Let v(s) = -41*s**2 + 2052*s + 1985. What is v(51)?
-4
Let q(r) = -r**3 - 24*r**2 - 210*r - 4295. Calculate q(-23).
6
Let v(t) = 3*t**3 + 377*t**2 + 7701*t - 56. Determine v(-100).
-156
Let j(y) = -568*y + 26766. Give j(47).
70
Let u(a) = -3704*a - 503822. Calculate u(-136).
-78
Let k(g) = -51362*g + 770421. Determine k(15).
-9
Let t(g) = 252*g + 1822. Determine t(-7).
58
Let r(m) = -5463*m + 82167. Calculate r(15).
222
Let y(u) = -u**3 - 41*u**2 - 975*u - 30535. Determine y(-37).
64
Let a(o) = o**3 + 72*o**2 - 380*o + 188. Calculate a(-77).
-197
Let x(l) = l**3 + 120*l**2 - 105*l + 1918. What is x(-121)?
-18
Let n(u) = u**2 - 430282*u - 15921809. Give n(-37).
-6
Let v(b) = b**2 - 31657*b - 411706. Calculate v(-13).
4
Let f(x) = -610*x - 12374. Give f(-20).
-174
Let n(v) = -134*v + 295. What is n(14)?
-1581
Let i(p) = 171*p**2 + 1883*p + 6. Calculate i(-11).
-16
Let p(z) = 2*z**2 - 1857*z - 116567. What is p(-59)?
-42
Let f(h) = 3*h**2 + 34*h - 344. Give f(15).
841
Let v(f) = -299*f + 2462. Give v(14).
-1724
Let j(n) = n**3 + 12*n**2 + 71*n + 43. Determine j(-13).
-1049
Let y(b) = -12*b**2 + 752*b + 8488. Calculate y(-12).
-2264
Let v(r) = -3*r**3 - 125*r**2 + 36*r - 284. Give v(-42).
-32
Let w(c) = -c**2 - 10960*c + 1117182. What is w(101)?
21
Let b(k) = -2*k**3 - 201*k**2 - 355*k - 25291. Determine b(-100).
209
Let u(a) = -3*a**3 + 2*a**2 + 8*a + 5. Calculate u(5).
-280
Let b(k) = -2*k**3 + 83*k**2 - 52*k - 148. Give b(41).
-599
Let a(y) = -y**3 + 74*y**2 - 613*y + 662. Calculate a(8).
-18
Let k(v) = -v**2 + 8*v + 1151. Determine k(-36).
-433
Let g(z) = -1203*z + 10497. Determine g(8).
873
Let c(o) = -999*o + 30765. Calculate c(28).
2793
Let x(q) = -3*q**2 - 756*q + 7462. Calculate x(-262).
-398
Let c(b) = 7*b**3 + 12*b**2 + 7*b - 31. Give c(-2).
-53
Let o(g) = -47389*g - 1279509. What is o(-27)?
-6
Let p(k) = 2*k**3 - 71*k**2 + 544*k - 418. Give p(10).
-78
Let x(v) = 47072*v + 186354. Determine x(-4).
-1934
Let y(l) = -607862*l + 3039204. What is y(5)?
-106
Let s(o) = -2*o**3 - 176*o**2 + 1957*o + 56. Give s(10).
26
Let x(j) = j**3 + 133*j**2 + 837*j + 93099. Calculate x(-132).
39
Let p(v) = 65230*v + 326098. What is p(-5)?
-52
Let m(o) = 2*o**3 + 99*o**2 + 34*o - 893. What is m(-49)?
-158
Let m(s) = 303*s**2 - 6392*s + 542. What is m(21)?
-67
Let c(w) = -40*w**2 + 42000*w - 41999. Give c(1).
-39
Let q(h) = 139248*h - 6683902. Give q(48).
2
Let h(s) = -6*s**2 - 262*s - 1541. Give h(-7).
-1
Let w(f) = -6*f**3 - 164*f**2 - 73*f - 381. What is w(-27)?
132
Let v(x) = -515*x + 33439. What is v(65)?
-36
Let o(k) = 165*k**3 - 6*k**2 - 346*k - 683. Calculate o(-2).
-1335
Let s(q) = 364541*q - 2551802. What is s(7)?
-15
Let v(l) = -227*l - 6417. What is v(-27)?
-288
Let m(d) = 11221*d - 44904. Give m(4).
-20
Let o(x) = 44*x - 350. What is o(-10)?
-790
Let c(d) = 10574*d + 327769. Give c(-31).
-25
Let t(q) = 15*q**3 - 2*q**2 - 35*q - 495. Determine t(0).
-495
Let p(t) = 28548*t + 4624778. Calculate p(-162).
2
Let d(u) = 3*u**2 - 6420*u + 164892. Determine d(26).
0
Let a(u) = 69*u**3 + 7*u**2 - 320*u - 986. What is a(-3)?
-1826
Let i(o) = 24*o**3 - 339*o**2 + 30*o + 169. Give i(14).
1
Let a(i) = -168759*i - 2025114. Determine a(-12).
-6
Let b(a) = 4*a + 551. Give b(-12).
503
Let q(k) = -3241*k + 4005868. Determine q(1236).
-8
Let h(s) = 2*s**2 + 1156*s - 7617. Give h(-584).
-609
Let y(p) = p**2 - 5675*p + 79255. What is y(14)?
1
Let z(o) = -21053*o + 189478. Calculate z(9).
1
Let s(p) = -5229*p - 15565. Determine s(-3).
122
Let r(s) = 168*s**2 - 3750*s + 16435. Calculate r(6).
-17
Let m(h) = h**3 - 349*h**2 + 15931*h - 290. What is m(295)?
5
Let s(j) = -543*j - 24992. Give s(-46).
-14
Let g(z) = 257*z + 35174. What is g(-135)?
479
Let y(z) = -z**3 + 223*z**2 + 509*z - 13274. Determine y(225).
1
Let f(q) = q**3 + 42*q**2 + 32*q + 5273. Give f(-44).
-7
Let x(d) = -237*d**2 - 1405*d + 115. Determine x(-6).
13
Let w(h) = -3*h**2 - 381*h - 3302. What is w(-9)?
-116
Let x(z) = 496*z - 31522. What is x(64)?
222
Let u(k) = 420*k - 216467. Determine u(515).
-167
Let v(s) = 9*s**2 - 35100*s + 245280. What is v(7)?
21
Let c(s) = -1783*s - 964586. What is c(-541)?
17
Let i(k) = -k**3 + 20*k**2 - 1022*k + 17875. Calculate i(18).
127
Let v(n) = -959751*n - 90216597. What is v(-94)?
-3
Let b(q) = -2061*q - 2897784. What is b(-1406)?
-18
Let k(m) = -m**3 - 11*m**2 + 59*m + 815. Calculate k(-15).
830
Let b(w) = -379*w**3 - 8716*w**2 + 10*w - 306. Determine b(-23).
-7
Let u(k) = -407*k + 69439. Determine u(171).
-158
Let s(n) = 6*n**3 - 286*n**2 - 398*n + 294. Calculate s(49).
0
Let p(o) = -o**3 + 468*o**2 - 702*o - 107177. Calculate p(466).
3
Let s(c) = -6*c**3 + 10*c**2 - 36*c + 327. Determine s(6).
-825
Let r(h) = 34579*h - 276630. Determine r(8).
2
Let u(s) = 3067*s - 9255. Determine u(3).
-54
Let c(a) = 128*a - 32654. Calculate c(255).
-14
Let b(n) = -58*n**2 - 2783*n + 18741. Calculate b(6).
-45
Let j(r) = -5*r**3 + 937*r**2 - 360*r - 2033. Calculate j(187).
585
Let t(s) = 21*s**2 - 672*s + 320. Determine t(29).
-1507
Let d(c) = -3150*c + 9438. What is d(3)?
-12
Let p(f) = -f**2 - 12884*f + 64445. What is p(5)?
0
Let b(p) = -17*p**2 + 305*p - 1261. Determine b(6).
-43
Let m(w) = w**3 - 343*w**2 - 69*w + 21893. Determine m(343).
-1774
Let x(h) = 1684*h**2 - 8519*h - 7. Calculate x(5).
-502
Let v(j) = -2*j**2 - 9809*j - 39232. What is v(-4)?
-28
Let k(a) = -2*a**2 + 3832*a - 146420. Calculate k(39).
-14
Let z(k) = 4*k**3 - 841*k**2 + 11*k + 41815. Determine z(210).
25
Let v(l) = 4*l**3 + 10*l**2 + 4115*l + 12368. Give v(-3).
5
Let g(c) = -54*c - 2878. Give g(-29).
-1312
Let o(u) = -u**3 - 501*u**2 - 971*u - 235496. Give o(-500).
4
Let v(y) = 4*y**3 + 9*y**2 - 411*y - 2051. Determine v(-5).
-271
Let w(c) = 4*c**3 + 71*c**2 + 14*c - 45. What is w(-18)?
-621
Let u(l) = -2*l**3 + 1460*l**2 - 18645*l + 2130. What is u(717)?
-21
Let j(a) = -a**2 - 8172*a - 154915. Calculate j(-19).
-8
Let v(r) = -53*r + 22023. Calculate v(414).
81
Let j(n) = 778*n + 375. Calculate j(-1).
-403
Let c(y) = 3153*y + 4130